49920548?
9
What is the hundred thousands digit of 6993055?
9
What is the ten thousands digit of 137130908?
3
What is the tens digit of 392754832?
3
What is the hundreds digit of 69837601?
6
What is the millions digit of 31265330?
1
What is the millions digit of 780438550?
0
What is the millions digit of 219287729?
9
What is the tens digit of 489968693?
9
What is the units digit of 2260438030?
0
What is the billions digit of 1292587418?
1
What is the ten millions digit of 527918932?
2
What is the millions digit of 502307703?
2
What is the millions digit of 53176562?
3
What is the ten millions digit of 648357341?
4
What is the tens digit of 18725910?
1
What is the millions digit of 39366956?
9
What is the tens digit of 327045484?
8
What is the millions digit of 42637267?
2
What is the thousands digit of 338719354?
9
What is the tens digit of 252565693?
9
What is the hundreds digit of 92232695?
6
What is the hundred thousands digit of 123648014?
6
What is the units digit of 296417695?
5
What is the millions digit of 18864953?
8
What is the units digit of 1438280461?
1
What is the hundred millions digit of 125100487?
1
What is the thousands digit of 42311172?
1
What is the hundred thousands digit of 2717351767?
3
What is the tens digit of 1394853279?
7
What is the hundreds digit of 142869133?
1
What is the tens digit of 289422577?
7
What is the ten thousands digit of 75783016?
8
What is the tens digit of 2026029643?
4
What is the ten millions digit of 2191535272?
9
What is the tens digit of 780709406?
0
What is the thousands digit of 999539560?
9
What is the millions digit of 18753572?
8
What is the hundreds digit of 1767135218?
2
What is the hundreds digit of 35710522?
5
What is the hundred millions digit of 125332926?
1
What is the millions digit of 21168634?
1
What is the thousands digit of 6875463?
5
What is the hundred millions digit of 593504270?
5
What is the billions digit of 1098663286?
1
What is the hundreds digit of 23978297?
2
What is the ten millions digit of 2155138136?
5
What is the tens digit of 58312958?
5
What is the hundred millions digit of 240586852?
2
What is the hundred thousands digit of 4070757304?
7
What is the ten thousands digit of 18503764?
0
What is the ten millions digit of 5084888811?
8
What is the millions digit of 29901765?
9
What is the ten millions digit of 28018074?
2
What is the tens digit of 611199991?
9
What is the hundred millions digit of 2070506890?
0
What is the hundreds digit of 127137025?
0
What is the ten millions digit of 911670988?
1
What is the hundreds digit of 43261739?
7
What is the millions digit of 5376131476?
6
What is the billions digit of 1487059651?
1
What is the hundred millions digit of 152174359?
1
What is the units digit of 230566081?
1
What is the hundred thousands digit of 1845267268?
2
What is the hundreds digit of 36665209?
2
What is the hundreds digit of 1322082407?
4
What is the units digit of 149950919?
9
What is the hundred thousands digit of 237103240?
1
What is the ten millions digit of 494640376?
9
What is the hundreds digit of 43926011?
0
What is the units digit of 169044234?
4
What is the hundreds digit of 604292475?
4
What is the hundreds digit of 308313378?
3
What is the hundred millions digit of 257164777?
2
What is the hundred millions digit of 151438504?
1
What is the ten thousands digit of 200995584?
9
What is the hundreds digit of 6397670915?
9
What is the ten millions digit of 504647037?
0
What is the ten millions digit of 2354772331?
5
What is the tens digit of 16011385?
8
What is the units digit of 57639170?
0
What is the hundred millions digit of 436162804?
4
What is the units digit of 1253890439?
9
What is the tens digit of 1356193660?
6
What is the ten thousands digit of 295286226?
8
What is the units digit of 2231353311?
1
What is the ten thousands digit of 19119469?
1
What is the ten thousands digit of 284976988?
7
What is the thousands digit of 672216467?
6
What is the millions digit of 330891367?
0
What is the millions digit of 209440206?
9
What is the units digit of 1178492133?
3
What is the tens digit of 290539361?
6
What is the millions digit of 843456127?
3
What is the tens digit of 199679165?
6
What is the tens digit of 40889220?
2
What is the thousands digit of 122389968?
9
What is the hundred thousands digit of 29432759?
4
What is the millions digit of 6899354?
6
What is the tens digit of 83825862?
6
What is the hundred thousands digit of 491448971?
4
What is the tens digit of 523238695?
9
What is the hundreds digit of 84995319?
3
What is the ten thousands digit of 2034777651?
7
What is the units digit of 74376536?
6
What is the units digit of 5343782477?
7
What is the tens digit of 186829320?
2
What is the units digit of 485947276?
6
What is the ten thousands digit of 448658668?
5
What is the thousands digit of 263689989?
9
What is the units digit of 1054495427?
7
What is the millions digit of 87331187?
7
What is the hundred millions digit of 1298066489?
2
What is the ten thousands digit of 5282367?
8
What is the hundred thousands digit of 1075074457?
0
What is the thousands digit of 300555985?
5
What is the units digit of 1735629616?
6
What is the millions digit of 633603280?
3
What is the hundred millions digit of 4818486232?
8
What is the hundred thousands digit of 219830667?
8
What is the ten millions digit of 56629705?
5
What is the tens digit of 311551895?
9
What is the ten thousands digit of 3225790829?
9
What is the ten millions digit of 38632546?
3
What is the tens digit of 153855518?
1
What is the millions digit of 95403929?
5
What is the hundred thousands digit of 230890113?
8
What is the hundred millions digit of 157923426?
1
What is the millions digit of 57781354?
7
What is the tens digit of 64486978?
7
What is the tens digit of 2788899?
9
What is the units digit of 188313195?
5
What is the tens digit of 25165667?
6
What is the thousands digit of 829391390?
1
What is the hundreds digit of 115544151?
1
What is the ten thousands digit of 128522743?
2
What is the ten thousands digit of 43288275?
8
What is the ten millions digit of 2580411613?
8
What is the ten millions digit of 60978616?
6
What is the ten thousands digit of 50143245?
4
What is the thousands digit of 93398729?
8
What is the ten millions digit of 349574892?
4
What is the hundred thousands digit of 94689184?
6
What is the hundred millions digit of 234082048?
2
What is the tens digit of 3202137198?
9
What is the hundred thousands digit of 2623770862?
7
What is the ten millions digit of 11539571?
1
What is the hundred thousands digit of 397074235?
0
What is the millions digit of 4417358720?
7
What is the ten thousands digit of 135039455?
3
What is the hundreds digit of 175276866?
8
What is the hundreds digit of 34556821?
8
What is the millions digit of 520735771?
0
What is the tens digit of 1067511?
1
What is the hundreds digit of 78748264?
2
What is the hundred millions digit of 103079314?
1
What is the hundred millions digit of 184316166?
1
What is the tens digit of 154175750?
5
What is the hundreds digit of 11515677?
6
What is the units digit of 18616166?
6
What is the tens digit of 3084456958?
5
What is the ten thousands digit of 141221885?
2
What is the units digit of 15346450?
0
What is the hundred millions digit of 4251058644?
2
What is the millions digit of 368519365?
8
What is the units digit of 992945628?
8
What is the ten millions digit of 94470385?
9
What is the ten millions digit of 16766120?
1
What is the thousands digit of 136237580?
7
What is the hundred millions digit of 3040447723?
0
What is the billions digit of 6791237187?
6
What is the thousands digit of 456101139?
1
What is the hundred thousands digit of 291804939?
8
What is the hundred thousands digit of 65641538?
6
What is the ten millions digit of 24897724?
2
What is the millions digit of 140292189?
0
What is the ten millions digit of 250763332?
5
What is the hundreds digit of 6533686?
6
What is the hundred thousands digit of 128600298?
6
What is the hundred thousands digit of 52550401?
5
What is the tens digit of 552009547?
4
What is the millions digit of 33353520?
3
What is the hundreds digit of 1554709436?
4
What is the hundreds digit of 2762092338?
3
What is the hundred thousands digit of 497